he prime factors of 6734115?
3, 5, 263, 569
List the prime factors of 15106359.
3, 5035453
List the prime factors of 55999397.
3259, 17183
List the prime factors of 2051928801.
3, 13, 67, 87253
List the prime factors of 206921782.
2, 103460891
List the prime factors of 489631541.
7, 229, 281, 1087
List the prime factors of 3059523757.
13469, 227153
What are the prime factors of 65553828?
2, 3, 5462819
What are the prime factors of 17195550?
2, 3, 5, 29, 59, 67
List the prime factors of 410138430.
2, 3, 5, 13, 17, 61861
What are the prime factors of 1149912584?
2, 569, 252617
List the prime factors of 126433910.
2, 5, 29, 449, 971
List the prime factors of 18044564.
2, 4511141
What are the prime factors of 4418529569?
4418529569
What are the prime factors of 93653397?
3, 521, 19973
List the prime factors of 190848136.
2, 131, 182107
What are the prime factors of 1395659626?
2, 29, 61, 421, 937
What are the prime factors of 1184238417?
3, 394746139
What are the prime factors of 102787351?
31, 3315721
What are the prime factors of 31363705?
5, 67, 251, 373
What are the prime factors of 2911386199?
23767, 122497
What are the prime factors of 898849517?
17, 52873501
List the prime factors of 978067267.
31, 31550557
List the prime factors of 33112680.
2, 3, 5, 275939
List the prime factors of 207469140.
2, 3, 5, 3457819
What are the prime factors of 501436563?
3, 31, 5391791
What are the prime factors of 268795001?
16363, 16427
What are the prime factors of 179922175?
5, 7196887
List the prime factors of 58422374.
2, 29211187
List the prime factors of 440946449.
31, 14224079
What are the prime factors of 5912957017?
11, 17, 229, 138079
What are the prime factors of 32926965?
3, 5, 877, 2503
What are the prime factors of 47948501?
61, 71, 11071
List the prime factors of 4266891661.
26339, 161999
List the prime factors of 480998262.
2, 3, 19, 4219283
What are the prime factors of 755715834?
2, 3, 4231, 9923
List the prime factors of 269457676.
2, 29, 2322911
What are the prime factors of 159081429?
3, 13, 31, 131581
What are the prime factors of 2264212423?
11, 9433, 21821
List the prime factors of 1147254922.
2, 11, 19, 2744629
What are the prime factors of 7745535?
3, 5, 7, 67, 367
What are the prime factors of 22448420?
2, 5, 331, 3391
What are the prime factors of 1129798707?
3, 376599569
List the prime factors of 21410085.
3, 5, 61, 23399
What are the prime factors of 1565034437?
1565034437
List the prime factors of 183884210.
2, 5, 47, 239, 1637
List the prime factors of 3237618599.
83, 227, 757
What are the prime factors of 1920360976?
2, 29, 37, 111857
List the prime factors of 9189928.
2, 11, 17, 6143
What are the prime factors of 2127798234?
2, 3, 17, 271, 2851
List the prime factors of 984432623.
984432623
What are the prime factors of 1061213720?
2, 5, 7, 433, 8753
List the prime factors of 392183814.
2, 3, 11, 227, 26177
What are the prime factors of 144145939?
7, 31, 157, 4231
List the prime factors of 7051667553.
3, 7, 111931231
What are the prime factors of 31297204?
2, 17, 23, 20011
What are the prime factors of 33745346?
2, 1297, 13009
List the prime factors of 23851008.
2, 3, 647
List the prime factors of 3295105631.
17, 6311, 30713
What are the prime factors of 1624855788?
2, 3, 1493, 3359
List the prime factors of 685797525.
3, 5, 7, 435427
What are the prime factors of 341691760?
2, 5, 43, 71, 1399
What are the prime factors of 1554817130?
2, 5, 155481713
List the prime factors of 270664698.
2, 3, 41, 479, 2297
List the prime factors of 65128127.
5209, 12503
List the prime factors of 3221893496.
2, 402736687
What are the prime factors of 49339759?
7, 29, 37, 6569
What are the prime factors of 1692930836?
2, 41, 10322749
What are the prime factors of 21042701?
307, 68543
What are the prime factors of 325030806?
2, 3, 79, 109, 233
What are the prime factors of 75912710?
2, 5, 7591271
List the prime factors of 2602575494.
2, 53, 24552599
What are the prime factors of 1416841204?
2, 223, 1588387
List the prime factors of 45202413.
3, 739, 20389
What are the prime factors of 3347923780?
2, 5, 167396189
List the prime factors of 89398316.
2, 7, 1669, 1913
What are the prime factors of 40864169?
23, 31, 37, 1549
What are the prime factors of 1324465048?
2, 397, 417023
List the prime factors of 136053226.
2, 53, 1283521
List the prime factors of 5122588358.
2, 37, 69224167
What are the prime factors of 1534793404?
2, 23, 16682537
List the prime factors of 242901664.
2, 383, 19819
List the prime factors of 920225283.
3, 17, 18043633
What are the prime factors of 3513023455?
5, 383, 1834477
List the prime factors of 6579199146.
2, 3, 13, 5059, 16673
What are the prime factors of 64108708?
2, 1511, 10607
What are the prime factors of 115686375?
3, 5, 7, 44071
List the prime factors of 152759387.
11, 1013, 13709
List the prime factors of 1097686773.
3, 907, 134471
List the prime factors of 346865320.
2, 5, 8671633
List the prime factors of 1037314946.
2, 5861, 88493
What are the prime factors of 46759830?
2, 3, 5, 13, 47, 2551
List the prime factors of 119594609.
17, 7034977
What are the prime factors of 287011288?
2, 35876411
List the prime factors of 888198960.
2, 3, 5, 11, 401, 839
List the prime factors of 68906649.
3, 7, 3281269
List the prime factors of 307312903.
307312903
What are the prime factors of 57436089?
3, 43, 71, 6271
List the prime factors of 851186.
2, 7, 163, 373
List the prime factors of 565378793.
7, 80768399
List the prime factors of 4900264910.
2, 5, 5519, 88789
What are the prime factors of 52965878?
2, 7, 1327, 2851
List the prime factors of 452193298.
2, 47, 467, 10301
What are the prime factors of 2232973257?
3, 744324419
List the prime factors of 413443548.
2, 3, 7, 349, 1567
What are the prime factors of 130740901?
23, 5684387
What are the prime factors of 131675526?
2, 3, 37, 197711
List the prime factors of 15912983.
587, 27109
What are the prime factors of 5553847213?
5553847213
What are the prime factors of 1369710218?
2, 43, 15926863
What are the prime factors of 965222889?
3, 17, 89, 212651
What are the prime factors of 34286885?
5, 83, 82619
List the prime factors of 6264739487.
83, 909383
List the prime factors of 127378661.
127378661
List the prime factors of 257675844.
2, 3, 31, 37, 97, 193
List the prime factors of 422096804.
2, 41, 73, 35257
List the prime factors of 14416638.
2, 3, 2402773
List the prime factors of 58338836.
2, 29, 502921
What are the prime factors of 35239383?
3, 3915487
List the prime factors of 6799213727.
239, 1061, 26813
What are the prime factors of 3432218670?
2, 3, 5, 107, 199
What are the prime factors of 1792827854?
2, 17, 4621, 11411
What are the prime factors of 12858797?
7, 1836971
What are the prime factors of 180219023?
17, 419, 25301
What are the prime factors of 77842184?
2, 7, 17, 11681
List the prime factors of 2491654246.
2, 1245827123
List the prime factors of 936808800.
2, 3, 5, 17, 22961
List the prime factors of 614505437.
7, 13, 6752807
List the prime factors of 110958122.
2, 11, 127, 151, 263
What are the prime factors of 28963916?
2, 109, 66431
List the prime factors of 130557648.
2, 3, 13, 209227
What are the prime factors of 225658754?
2, 43, 2623939
What are the prime factors of 943033949?
11, 13, 599513
List the prime factors of 4857734712.
2, 3, 19, 10652927
List the prime factors of 290514936.
2, 3, 12104789
What are the prime factors of 668548257?
3, 13, 47, 569, 641
List the prime factors of 2241702233.
29, 77300077
List the prime factors of 540595736.
2, 79, 855373
What are the prime factors of 367257991?
367257991
What are the prime factors of 69367043?
19, 29, 67, 1879
What are the prime factors of 863095197?
3, 19, 101, 149921
List the prime factors of 1695493831.
131, 12942701
List the prime factors of 27711630.
2, 3, 5, 163, 1889
What are the prime factors of 1644138250?
2, 5, 59, 111467
What are the prime factors of 90059685?
3, 5, 443, 13553
List the prime factors of 3172544252.
2, 79, 10039697
What are the prime factors of 5022119944?
2, 179, 1451, 2417
What are the prime factors of 82623734?
2, 239, 172853
What are the prime factors of 157787560?
2, 5, 7, 71, 7937
List the prime factors of 2405065508.
2, 43, 911, 15349
List the prime